ousands digit of 3941972883?
7
What is the ten thousands digit of 1966260114?
6
What is the hundred thousands digit of 741097826?
0
What is the millions digit of 143483162?
3
What is the tens digit of 228252654?
5
What is the millions digit of 108543358?
8
What is the billions digit of 1551176655?
1
What is the ten millions digit of 829496557?
2
What is the thousands digit of 1348136928?
6
What is the ten thousands digit of 145996974?
9
What is the hundreds digit of 87676839?
8
What is the millions digit of 122864972?
2
What is the thousands digit of 55592135?
2
What is the ten thousands digit of 3858722857?
2
What is the thousands digit of 414176774?
6
What is the tens digit of 30865325?
2
What is the units digit of 5616081168?
8
What is the hundreds digit of 74405164?
1
What is the hundreds digit of 8306740?
7
What is the billions digit of 2404557097?
2
What is the hundred thousands digit of 34776221?
7
What is the tens digit of 29073609?
0
What is the ten millions digit of 240268639?
4
What is the hundreds digit of 100257552?
5
What is the ten thousands digit of 214190506?
9
What is the units digit of 321204565?
5
What is the units digit of 2295234701?
1
What is the tens digit of 430267540?
4
What is the tens digit of 39714546?
4
What is the hundred thousands digit of 267805745?
8
What is the ten thousands digit of 154069549?
6
What is the thousands digit of 1869027383?
7
What is the hundred millions digit of 572973762?
5
What is the tens digit of 468770867?
6
What is the ten millions digit of 1400180110?
0
What is the ten millions digit of 418794232?
1
What is the hundred thousands digit of 2438920567?
9
What is the hundred thousands digit of 581577096?
5
What is the thousands digit of 2346370646?
0
What is the hundreds digit of 1195438573?
5
What is the hundred millions digit of 450480236?
4
What is the millions digit of 139472155?
9
What is the hundreds digit of 157031262?
2
What is the tens digit of 53430799?
9
What is the hundred thousands digit of 5482831689?
8
What is the hundred millions digit of 3737234932?
7
What is the millions digit of 452742991?
2
What is the hundred millions digit of 1769740131?
7
What is the units digit of 1584689080?
0
What is the tens digit of 37690546?
4
What is the billions digit of 4386823273?
4
What is the tens digit of 100184904?
0
What is the tens digit of 518387943?
4
What is the units digit of 5601749828?
8
What is the tens digit of 2689484838?
3
What is the ten thousands digit of 211829490?
2
What is the ten thousands digit of 33935923?
3
What is the hundreds digit of 7521915294?
2
What is the units digit of 244983347?
7
What is the thousands digit of 1552323438?
3
What is the ten thousands digit of 35593716?
9
What is the hundred thousands digit of 291202051?
2
What is the hundred thousands digit of 525518281?
5
What is the hundreds digit of 343519072?
0
What is the hundreds digit of 121496031?
0
What is the tens digit of 8840985?
8
What is the tens digit of 73796273?
7
What is the hundred thousands digit of 38020637?
0
What is the hundred millions digit of 3432736020?
4
What is the ten millions digit of 76758015?
7
What is the units digit of 20505639?
9
What is the hundreds digit of 115372321?
3
What is the millions digit of 440256921?
0
What is the millions digit of 481886894?
1
What is the hundred thousands digit of 804674919?
6
What is the hundred thousands digit of 407956478?
9
What is the millions digit of 3019552128?
9
What is the hundred thousands digit of 28223612?
2
What is the thousands digit of 6411824782?
4
What is the ten millions digit of 94392388?
9
What is the ten millions digit of 272673155?
7
What is the units digit of 8301230?
0
What is the thousands digit of 99889179?
9
What is the billions digit of 1524679452?
1
What is the millions digit of 61395645?
1
What is the ten thousands digit of 2865844183?
4
What is the thousands digit of 34558196?
8
What is the millions digit of 523399311?
3
What is the units digit of 2170335791?
1
What is the units digit of 257978466?
6
What is the billions digit of 3536450861?
3
What is the hundred thousands digit of 2927353578?
3
What is the thousands digit of 6571665108?
5
What is the hundred millions digit of 147202620?
1
What is the ten thousands digit of 84704500?
0
What is the millions digit of 513439090?
3
What is the units digit of 658832001?
1
What is the thousands digit of 898242536?
2
What is the hundreds digit of 20692762?
7
What is the millions digit of 123123417?
3
What is the units digit of 94417204?
4
What is the tens digit of 503486058?
5
What is the hundred millions digit of 407060611?
4
What is the billions digit of 1929348278?
1
What is the units digit of 35706289?
9
What is the units digit of 211350301?
1
What is the ten millions digit of 52113195?
5
What is the hundred thousands digit of 300691106?
6
What is the millions digit of 48085339?
8
What is the millions digit of 1015460993?
5
What is the thousands digit of 92353499?
3
What is the ten millions digit of 1515420669?
1
What is the millions digit of 267680719?
7
What is the hundreds digit of 4761635416?
4
What is the hundred millions digit of 169666620?
1
What is the hundreds digit of 163898723?
7
What is the millions digit of 90337602?
0
What is the units digit of 594019816?
6
What is the tens digit of 3266876532?
3
What is the units digit of 153221954?
4
What is the hundreds digit of 1821716526?
5
What is the units digit of 522770828?
8
What is the units digit of 56757296?
6
What is the tens digit of 832908187?
8
What is the ten millions digit of 228267905?
2
What is the hundred millions digit of 423935043?
4
What is the tens digit of 202350455?
5
What is the hundreds digit of 71873202?
2
What is the units digit of 205324177?
7
What is the units digit of 11199258?
8
What is the hundred thousands digit of 2695129?
6
What is the thousands digit of 263689048?
9
What is the tens digit of 128072517?
1
What is the millions digit of 82794177?
2
What is the millions digit of 766170132?
6
What is the ten millions digit of 2933434587?
3
What is the hundreds digit of 17844533?
5
What is the hundred thousands digit of 153615390?
6
What is the millions digit of 91406166?
1
What is the tens digit of 3289159713?
1
What is the thousands digit of 161605917?
5
What is the thousands digit of 555195923?
5
What is the thousands digit of 35487005?
7
What is the thousands digit of 70500453?
0
What is the thousands digit of 205073048?
3
What is the ten thousands digit of 892553563?
5
What is the tens digit of 287066267?
6
What is the units digit of 510860845?
5
What is the hundreds digit of 762595806?
8
What is the thousands digit of 162520072?
0
What is the ten millions digit of 308889820?
0
What is the hundreds digit of 76888420?
4
What is the tens digit of 738094125?
2
What is the hundred millions digit of 1473233456?
4
What is the billions digit of 3982309572?
3
What is the thousands digit of 87342719?
2
What is the thousands digit of 138408300?
8
What is the ten thousands digit of 3022587274?
8
What is the units digit of 2279827014?
4
What is the tens digit of 13093740?
4
What is the thousands digit of 254389166?
9
What is the tens digit of 739246769?
6
What is the tens digit of 3096793081?
8
What is the thousands digit of 7886379103?
9
What is the units digit of 1189553220?
0
What is the ten thousands digit of 45128753?
2
What is the ten thousands digit of 118228888?
2
What is the thousands digit of 3300085230?
5
What is the hundred thousands digit of 445480457?
4
What is the hundred millions digit of 187286340?
1
What is the thousands digit of 37779242?
9
What is the ten thousands digit of 605763370?
6
What is the hundred thousands digit of 674801073?
8
What is the hundred millions digit of 373622336?
3
What is the hundred thousands digit of 2132957325?
9
What is the hundred thousands digit of 4500506386?
5
What is the ten thousands digit of 323501806?
0
What is the millions digit of 3124219144?
4
What is the ten thousands digit of 178209107?
0
What is the thousands digit of 14744309?
4
What is the billions digit of 5659347697?
5
What is the hundred thousands digit of 59008631?
0
What is the tens digit of 95156814?
1
What is the ten thousands digit of 216691951?
9
What is the thou